d v.
14
Let d be 9 - -3 - (-2 + -1 + -1). What is the highest common factor of 176 and d?
16
Suppose -20 = -3*m - m. Suppose h + 59 = 6*h + c, 9 = -h + m*c. Calculate the highest common divisor of h and 99.
11
Let k = 59 + -45. Calculate the highest common factor of k and 126.
14
Let n be (3/3)/1*8. What is the highest common divisor of n and 72?
8
Suppose -v - 3 + 52 = 5*h, 5*v - 3*h = 329. Suppose -6 = -3*t, -f = -4*t - 14 + 6. What is the highest common divisor of f and v?
16
Let h(t) = t**2 + 4*t + 5. Let a = -9 - -5. Let l be h(a). Suppose -5*v - 215 = -5*b, l*b - 3*v = -25 + 234. Calculate the highest common factor of b and 16.
8
Suppose -53*r = -50*r - 6. Calculate the highest common divisor of 4 and r.
2
Let z = 11 + -25. Let y = 0 - z. Let p = -23 - -79. What is the highest common divisor of p and y?
14
Suppose -23 = -4*b - 7. Calculate the highest common divisor of b and 1.
1
Let t(u) = -u**2 + 19*u + 7. Let n be t(19). Let q(g) = -g**3 - 2*g**2 + 6*g + 6. Let i be q(-4). What is the greatest common factor of n and i?
7
Suppose 4*u + 4*m - 183 = 3*m, 3*m - 54 = -u. What is the highest common factor of u and 9?
9
Let w(y) = y**2 + y + 2. Let n be w(2). Calculate the greatest common divisor of 1 and n.
1
Let t = -28 + 52. Calculate the greatest common divisor of t and 6.
6
Suppose -425 = -x - 4*x. Let c = -28 - -62. What is the greatest common divisor of x and c?
17
Suppose 22 = 4*k - 5*d - 138, 2*k - 90 = 5*d. Calculate the highest common divisor of 14 and k.
7
Let w be 114/(-76) - (-166)/4. Let o(r) = -3*r - 1. Let l be o(-3). Calculate the greatest common factor of w and l.
8
Let c(i) be the first derivative of 4*i**2 - 3. Let w be c(1). What is the greatest common factor of w and 88?
8
Let v = -7 + 9. Let h be (1 + 37)/v - -1. Suppose -a + h = 5. What is the greatest common factor of a and 3?
3
Let g(p) be the first derivative of 9*p**2 - 2. Let t(o) = 37*o + 1. Let i(u) = 5*g(u) - 3*t(u). Let a be i(-8). What is the highest common factor of a and 15?
15
Let l(k) = 8*k - 8. Let u be l(9). What is the greatest common divisor of 8 and u?
8
Let x be 10 + 1/(1/2). Suppose -i = -6*i + 360. Calculate the highest common factor of x and i.
12
Let t(n) = 8*n**2 - 5*n + 4. Let h be t(2). What is the highest common factor of h and 39?
13
Let g(c) = c**3 - 9*c**2 + 8*c - 10. Let b be g(8). Let p = -5 - b. Let s be (p + -2)/(3/10). What is the highest common factor of s and 70?
10
Let h be 38 + 0 + -1 + 2. Let i = 17 + -12. Suppose 5*u = -i*r + 75, 3*u - 2 = 2*u. What is the greatest common divisor of r and h?
13
Suppose 0*s = -2*s + 10. Suppose 59 = 3*i - 3*a + 23, -3*i = 3*a - 6. Suppose -5*b + 3*l - i*l = 7, 2*l = -6. Calculate the greatest common factor of b and s.
1
Suppose -23*c - 24 = -24*c. What is the greatest common factor of 16 and c?
8
Suppose 5*z = 5*n - 0*z + 10, 4*n + 4*z = 24. What is the highest common factor of n and 10?
2
Let f be (-3190)/(-70) - (-8)/(-14). What is the highest common divisor of 36 and f?
9
Suppose -n - 3*n + 151 = -3*t, -5*n - 3*t = -209. Suppose -5*l = 12 - 62. What is the highest common divisor of n and l?
10
Suppose 0*u + 5*u - o = 253, -2*o + 259 = 5*u. Suppose 5*p = 8*p - 102. What is the highest common factor of p and u?
17
Let w be ((-40)/100)/((-2)/80). Suppose -2*c + 567 = 2*c - 3*u, -u - 429 = -3*c. Calculate the highest common divisor of w and c.
16
Suppose 5*g = 139 + 71. Calculate the highest common factor of g and 6.
6
Let q(b) = 8*b + 3. Let k be q(2). Calculate the greatest common divisor of k and 19.
19
Suppose 0*w - 36 = 3*w. Let k be (-46)/(-8) - (-9)/w. Calculate the greatest common factor of 2 and k.
1
Let o(n) = 22*n**2 + 3*n - 6. Let p be o(2). Suppose -3*i + 2*i = -1, 0 = -4*x - 5*i + 49. Calculate the greatest common factor of x and p.
11
Let a = 9 - 5. Suppose -2*r + 4*p = -84, 0*r + 3*p = -3*r + 99. Calculate the greatest common factor of a and r.
4
Let o(y) = -y**2 + 2*y + 104. Let q be o(0). Calculate the greatest common factor of 8 and q.
8
Let o = 14 - 11. Let h be 1550/(-55) - (-2)/11. Let p = -10 - h. What is the highest common divisor of p and o?
3
Let v be 5 - (-7 - 6/1). What is the highest common divisor of 54 and v?
18
Let z = 18 + -11. Let x = 88 + -53. Calculate the highest common factor of z and x.
7
Let y be (3 - 2)/(116/(-60) + 2). Calculate the highest common divisor of y and 75.
15
Suppose -n + 39 = -5*v, 3*n = 2*n - 2*v + 53. Let m = -10 + 17. Suppose 3*a = -m + 28. Calculate the highest common factor of a and n.
7
Let v = 397 + -247. Calculate the highest common divisor of v and 6.
6
Let v(p) = p - 1. Let l be v(4). Suppose -o - l*o = -56. Calculate the greatest common divisor of 2 and o.
2
Let g(n) = n**3 + n**2 + n + 17. Let z be g(0). Let y(x) = -13*x + 3. Let u = 12 - 17. Let i be y(u). Calculate the highest common factor of z and i.
17
Suppose 4*m - 10 = -m. Let z(l) = l**3 - l + 2. Let y be z(m). Calculate the greatest common factor of 8 and y.
8
Let v be (-14)/(-10) - (-4)/(-10). Let n be v*2/(4/150). Suppose 4*a - n = -a. What is the greatest common factor of a and 10?
5
Suppose -o + 93 = -6. What is the greatest common divisor of o and 9?
9
Suppose 2*c - 4*h + 18 = 0, -3*c - h - 21 = -5*h. Let o be 14/4*(13 + c). Calculate the greatest common factor of 14 and o.
7
Suppose -23 - 2 = -5*r. Suppose 4 = w + 4*t + 1, -3*w = -r*t - 60. Let m be 2/(-7) - (-1054)/14. What is the greatest common divisor of m and w?
15
Let a be (-3 + 5)*1 + 1. Suppose -m - 5*o + 34 = 2*m, 24 = a*m + 3*o. What is the highest common divisor of m and 6?
3
Let n be (-4)/6 - (-1)/(-3). Let w be 241/4 - n/(-4). Suppose -i - i = -w. What is the greatest common factor of i and 20?
10
Let i = -31 - -7. Let j = i + 58. What is the highest common factor of j and 374?
34
Let z(m) = 2 - m**3 + 3*m**2 + 3*m - 3 + 0*m**2. Let h be z(3). Let b = -272 - -274. What is the highest common divisor of b and h?
2
Let q(a) = -a**3 + 4*a**2 - a + 1. Let c be q(3). Suppose -3 + c = y. What is the greatest common factor of 1 and y?
1
Let n = -1 + 3. Suppose -q + 7 = -5. What is the highest common factor of n and q?
2
Suppose -4*d = -5*o + 15, 0*d - 3 = 3*d - o. Suppose d = c - 60 - 10. Calculate the highest common factor of c and 14.
14
Let s(w) = 2*w**2 - 2*w + 1 - 2*w**2 + 17*w**3. Let x be s(1). Calculate the highest common divisor of x and 32.
16
Suppose -6*a = -5*a - 11. Suppose -3*v + 64 - 10 = 0. Let t be -2*3/v*-3. Calculate the greatest common divisor of t and a.
1
Let j(w) = -w**2 + 9*w + 10. Let a be j(9). What is the greatest common divisor of a and 40?
10
Suppose -3*z + 5*z = 234. Suppose 2*q - 1 = 25. Calculate the highest common divisor of q and z.
13
Let d be (-4 + 3)*3/(-1). Suppose 0 = -2*o - o + d. Let y = 2 + o. Calculate the greatest common divisor of 2 and y.
1
Let c = -17 + 48. Calculate the highest common divisor of 31 and c.
31
Suppose -2*k + 5*f + 11 = 0, 0 = 2*k - 4*f - 4 - 6. Let q be 2/(-3) - (-56)/k. Let o = 27 - q. What is the greatest common factor of 18 and o?
9
Let f be 7 + -3 - 3/(-1). Calculate the greatest common divisor of 77 and f.
7
Suppose 2*o + 6 = 3*o. Let i = 1 + 1. What is the greatest common divisor of o and i?
2
Suppose 0 = -4*j + 3*j + 2. What is the greatest common factor of 18 and j?
2
Suppose -178 + 694 = -3*h. Let x = -100 - h. What is the greatest common factor of 18 and x?
18
Let x be 4 - (3 - (-2)/(-2)). Suppose 7*o - 45 = x*o. What is the greatest common factor of o and 72?
9
Suppose -4*q + 225 = q. Calculate the highest common divisor of 315 and q.
45
Let c = -34 - -35. Calculate the highest common factor of c and 1.
1
Let o be (1 + -3)*20*-4. What is the highest common factor of o and 20?
20
Let l = 28 + 74. What is the greatest common divisor of 68 and l?
34
Suppose -2*b - b + 58 = g, 4 = -2*g. Calculate the greatest common factor of 5 and b.
5
Let j be 0/(2 + -1 + -3) + 16. What is the highest common factor of j and 56?
8
Let a(y) = y - 7. Let j be a(10). Suppose -7 = -5*b + j. Suppose -b*t = -2*l + 4 - 50, 2*l - 68 = -4*t. What is the greatest common factor of t and 95?
19
Suppose -5*o + 0*o - 4*t + 222 = 0, -2*o + t = -81. Let k = -148 - -169. Calculate the highest common factor of k and o.
21
Suppose -68 = -2*y + 6*y. Let o be (-6)/(35/y +